 14 - 2. Suppose -j = i*j. Calculate the remainder when 29 is divided by c(j).
9
Let v(k) = -8*k**2 + 1. Let x be v(1). What is the remainder when 3 + 2/(-2) - x is divided by 2*1 + 1 + 2?
4
Let v = 109 + -95. Calculate the remainder when 54 is divided by v.
12
Let f(u) = -u + 22. Let w be f(18). Suppose 4*t - 64 = -w*c, 0 = -5*c + 4*t + 12 + 32. Calculate the remainder when 45 is divided by c.
9
Let d = -42 + 66. Suppose -3*c + 0*o + d = -5*o, 33 = 3*c - 2*o. Calculate the remainder when 49 is divided by c.
10
Suppose -d + 6 = 2, 14 = 3*c + 2*d. Suppose -2*q + 56 = c*q. Calculate the remainder when 26 is divided by q.
12
Let l(p) = p - 4. Let k be l(7). Suppose 0*h = k*h - 12. Let w(s) = 2*s - 5. Calculate the remainder when w(6) is divided by h.
3
Suppose 5*q - 4*x = 365, q - 4*x = 15 + 42. Calculate the remainder when q is divided by 40.
37
Let m be (-1 + 1)/(-1 - -3). Suppose 3*j - 16 + 1 = m. Calculate the remainder when j is divided by 3.
2
Let h(m) = 2*m**2 + 6*m - 14. What is the remainder when h(6) is divided by 16?
14
Suppose -2*q - 56 = -3*l, l - q = 6*l - 115. Suppose 2*t + t - 24 = 0. Calculate the remainder when l is divided by t.
6
Suppose 3*o = 0, 2*i + 3 + 7 = 3*o. Let u = 11 - i. Calculate the remainder when 31 is divided by u.
15
Suppose 6*l - 8*l + 24 = -x, 3*x - 49 = -5*l. What is the remainder when l is divided by 4?
3
Let o = -31 + 46. Suppose 4*c - 20 + 4 = 0. What is the remainder when 31 - (1 + c - 3) is divided by o?
14
Let y(c) = -c**3 + 4*c**2 + 6*c - 4. Let d = -5 + 3. Let h be (-1)/(d*2/16). Calculate the remainder when y(h) is divided by 11.
9
Suppose 0*t = 3*t - 9. Suppose l - 4 = -t*u, 1 - 3 = -4*u - 3*l. What is the remainder when 9/(-2)*20/(-30) is divided by u?
1
Let l be 32*(0 - (-6)/(-8)). Let r = -9 - l. Calculate the remainder when 27 is divided by r.
12
Let q(u) = 135*u**2 - 7*u - 8. Calculate the remainder when q(-1) is divided by 45.
44
Let h = 39 - 32. Calculate the remainder when 10 is divided by h.
3
Suppose 3 + 35 = 2*x. Let o(s) = -s**2 + 16*s - 8. What is the remainder when o(8) is divided by x?
18
Let t = -17 - -37. What is the remainder when 37 is divided by t?
17
Let r(c) = 15*c + 1. What is the remainder when r(3) is divided by 8?
6
Let t(s) = 124*s**3 - 2*s**2 + 1. Calculate the remainder when t(1) is divided by 25.
23
Let r(k) = 3*k. Let i(m) = 10*m + 1. Let z(g) = -3*i(g) + 8*r(g). Calculate the remainder when (-60 + -2)/(-2 - -1) is divided by z(-4).
20
Let g = 17 + -25. Let d = g + -1. Let y(b) = b**3 + 9*b**2 + 6. What is the remainder when 10 is divided by y(d)?
4
Let b(f) = -f**3 + 4*f**2 + f - 2. Let u be b(4). Let k = -2 + 4. Suppose 3*l = -k*j + 64, -u*j = l + l - 46. What is the remainder when 53 is divided by l?
17
Let d(j) = 13*j + 1. Let v be (-4)/6 - 33/(-9). Let i(z) = -2*z**2 - 28*z - 12. Calculate the remainder when d(v) is divided by i(-13).
12
Let m = -17 - -38. Calculate the remainder when 81 is divided by m.
18
Let v be 0/((-6)/9*3). Suppose v*n - n = -32. Calculate the remainder when n is divided by 11.
10
Suppose -o = 3*o + 5*w - 145, 2*w + 206 = 5*o. Calculate the remainder when o is divided by 7.
5
Suppose -s + 38 = n, 3*s + 2*n - 108 = n. Calculate the remainder when s is divided by 20.
15
Let z = -8 + 8. Suppose 2*y + 3*y - 405 = z. Suppose 5*c = 9 + y. Calculate the remainder when 52 is divided by c.
16
Let q(l) = 2*l**2 + 10*l + 14. What is the remainder when 39 is divided by q(-5)?
11
Suppose -4*o + 353 = -203. What is the remainder when o is divided by 36?
31
Let o(c) = c**3 - 7*c**2 + 2*c - 7. Let k be o(6). Let n(u) = 5*u**2 - u + 2. Let d be n(3). Let r = d + k. Calculate the remainder when 38 is divided by r.
12
Suppose -3*r = r - 12. Let q(w) = w - 2*w**2 + w**2 + 3*w + 2*w. Calculate the remainder when q(5) is divided by r.
2
Let z(d) = -d**3 + 12*d**2 + 15*d - 22. What is the remainder when z(13) is divided by 1?
0
Let r(z) = 2*z**2 - 14*z - 42. What is the remainder when r(-8) is divided by 50?
48
Let k(x) be the second derivative of x**5/20 + 7*x**4/12 - 11*x**3/6 + 5*x**2/2 + x. Let p = -7 + 17. What is the remainder when k(-8) is divided by p?
9
Suppose 4*x = 2*x + 46. Let o = 8 + -5. Suppose i + o*i - 48 = 0. What is the remainder when x is divided by i?
11
Let f = 6 + 31. Suppose -5*j = -4*n + 166, -n + 3*j + f = 4*j. What is the remainder when n is divided by 14?
11
Let c be (-15)/(-6)*(-8)/(-5). Suppose -2*x = -w - 38, -4*w = -c*x - w + 76. Calculate the remainder when x is divided by 7.
5
Let r = 154 + -133. Calculate the remainder when r is divided by 16.
5
Let v = 76 + -14. Calculate the remainder when v is divided by 21.
20
Let p = 57 - 32. Let i be (-2 - -18)*21/(-6). Let v = i - -104. Calculate the remainder when v is divided by p.
23
Let n be (-7)/21 - (-212)/6. Suppose 0 = 2*r - r + 21. Let y = r + n. What is the remainder when 40 is divided by y?
12
Suppose -5*h + 13 + 72 = 0. What is the remainder when 67 is divided by h?
16
Let q(n) = 2*n**2 - 9*n + 5. What is the remainder when q(5) is divided by 4?
2
Suppose -2*j - 3*j = -615. Let o = j - 87. Calculate the remainder when o is divided by 13.
10
Suppose -3*z - b = 2*b - 66, b = 0. Calculate the remainder when 85 is divided by z.
19
Suppose 2*v + 2 = -6, -140 = -4*y - 4*v. Suppose -d = -2*s + 17, -4*d - y = -5*s + 5. What is the remainder when 15 is divided by s?
7
Let c(g) = 15*g**2 - 13*g**2 + 3*g - 5*g + 3. Let k = -64 - -108. Calculate the remainder when k is divided by c(3).
14
Let y(x) = 6*x**2 - x + 2. Let c(m) = 25*m**2 - 4*m + 8. Let h(k) = -2*c(k) + 9*y(k). What is the remainder when h(-3) is divided by 14?
13
Let o be (-3)/(-5) - 14/(-10). Suppose -50 = -4*p - o. Calculate the remainder when 34 is divided by p.
10
Suppose -2*i = 4 - 6. Suppose -w - i = -10. Calculate the remainder when 26 is divided by w.
8
Suppose 2*g = -3*d + 16, g = 5*g + 5*d - 30. What is the remainder when g is divided by 4?
1
Suppose -31 = -4*a + 49. Let c be 38/(-4)*a/(-2). Suppose -2*g + l = 11 - 78, -3*g = 4*l - c. What is the remainder when g is divided by 12?
9
Suppose -2*q + 3*y = 2*q - 6, -16 = -2*q - 5*y. Calculate the remainder when q is divided by 1.
0
Let u(k) = 7*k + 1. Let t(f) = -3*f - 1. Let s(z) = -7*t(z) - 4*u(z). What is the remainder when s(-6) is divided by 12?
9
Let k = -11 - -15. Suppose 0*o = -o + k. Suppose 0 = -5*z - 5*r - 151 + 381, 0 = -o*z + 2*r + 190. Calculate the remainder when z is divided by 16.
15
Let x be (-2)/4 - (-118)/4. Let d = -18 + x. What is the remainder when d is divided by 4?
3
Let q(o) = -11*o + 2. What is the remainder when q(-2) is divided by 13?
11
Let t(f) be the third derivative of 7*f**5/60 - f**4/6 - f**3/2 + 3*f**2. Calculate the remainder when t(-2) is divided by 12.
9
Let t be (4/(-6))/((-10)/75). Suppose 45 = 3*v + 3*h, -5*h = -t*v + 15 + 40. What is the remainder when v is divided by 5?
3
Let t(q) = -q**3 - 4*q**2 + 6. Let m be t(-5). Let z = 15 - m. What is the remainder when 20 is divided by (44/z)/(2/(-8))?
9
Suppose -2*q + 5*t + 42 = -25, -4*q + 3*t + 99 = 0. Suppose 2*j - n - 4 = j, 8 = 3*j - 5*n. Calculate the remainder when q is divided by j.
3
Suppose 2*c - 2*r = 450, c - 5*r = 299 - 74. Suppose -x = 2*x - c. Calculate the remainder when x is divided by 19.
18
Suppose -a - 4*a + 36 = -4*i, -24 = i - 5*a. Let p(w) = 2*w**3 - 2*w - 3*w**3 - 3 - 3*w**2 + 4*w. What is the remainder when 17 is divided by p(i)?
2
Suppose -3*t + 24 = 3*t. Calculate the remainder when 18 is divided by t.
2
Let j(h) = -h**2 + 12*h - 6. Calculate the remainder when 25 is divided by j(10).
11
Suppose -41 = -7*d + 22. Calculate the remainder when 33 is divided by d.
6
Suppose l - 2*t = 24, -3*t = -2*l + 12 + 34. Suppose -o + 6*o = l. Suppose -10 + 50 = o*s. What is the remainder when 28 is divided by s?
8
Suppose 0*t - 3*t - 174 = -3*k, 2*k + 3*t - 136 = 0. Calculate the remainder when 307 is divided by k.
59
Let v = 218 - 108. What is the remainder when v is divided by 16?
14
Let b(v) = 3*v. Let z be b(1). Let g be 2/z - (-778)/3. What is the remainder when (-2)/8 + g/16 is divided by 9?
7
Suppose 0 = -4*l - 5*r + 4*r + 54, 5*r = -5*l + 60. What is the remainder when 136 is divided by l?
10
Let q be (-9)/(-1)*(-8)/6. Let t be (-8)/q + 13/3. Suppose -5*a = i 